(15)?
3, 89
Suppose -8 = 2*t, 2*t = 3*f - 4*f - 6. Suppose -3*a + 2017 = 5*s, -2*s - 781 = -f*a + 585. List the prime factors of a.
7, 97
Let b(p) = 19*p**2 - 6*p + 12. Suppose 510 - 468 = 7*w. What are the prime factors of b(w)?
2, 3, 5, 11
Let f(b) = -b**3 + 14*b**2 + 17*b + 11. Suppose 0 = 5*l - 8*l. Suppose -4*t + 106 - 46 = l. List the prime factors of f(t).
41
Suppose t + 4*c - 1115 = 0, -2*t + 3*c + 2270 = c. Let n = t - 513. Suppose -8*p + n = -254. What are the prime factors of p?
109
List the prime factors of (-233338)/(-35) + 4*(-3)/(-60).
59, 113
Let p = -774 - -615. List the prime factors of (-80)/(-48)*(-2)/10*p.
53
Suppose -2*l - 3*r + 11093 = -2591, 2*l + 4*r - 13682 = 0. List the prime factors of l.
5, 37
Let b(f) = f**3 + 10*f**2 + 11*f + 2. Let v(u) = u**2 - 3*u - 20. Let r be v(6). Let z be 22/r - (-10)/((-40)/(-12)). What are the prime factors of b(z)?
2, 3, 7
Suppose 4 = 4*j, 4*t + 925 - 6900 = j. What are the prime factors of t?
2, 3, 83
Suppose 3*k + 2 = -1, -5*c + 267 = 3*k. What are the prime factors of 18/(-8)*(-13032)/c?
3, 181
Let g be (-22569)/(-4) - ((-26)/(-8) - 3). Suppose 0*h - 14*h = -g. What are the prime factors of h?
13, 31
Suppose 9524 = 5*h - h. Suppose -h + 197 = -3*c. List the prime factors of c.
2, 7, 13
Let o(l) = -32*l - 95. Let w be o(-4). Suppose 4*v + 13 = 5*q, 3*v + 4 = -4*q - v. Let d = q + w. List the prime factors of d.
2, 17
Let y(v) = 150*v**3 - 10*v**2 - 19*v + 169. List the prime factors of y(5).
2, 37, 251
List the prime factors of (3510/24)/((-3)/12*6/(-196)).
2, 3, 5, 7, 13
Suppose -5*l - 41 + 91 = 0. Suppose 2*t - 3*h - 532 - 265 = 0, l = -2*h. List the prime factors of t.
17, 23
Let a = 580 - 562. Suppose 0 = 14*m - a*m - 12, -4*w = -4*m - 2896. List the prime factors of w.
7, 103
Let j be (-4)/(-26) + 230/26. Let d be 10/3 + (-1)/(j/(-6)). Suppose 0 = -2*f - 2*q + 360, 724 = d*f + 13*q - 8*q. What are the prime factors of f?
2, 11
Suppose 5*a - 5*d = -2790, 5*a - 2*d = d - 2780. Let c = 838 + a. What are the prime factors of c?
3, 5, 19
Let p be 0/((-8)/(3 - 7)). Suppose -c + 81 + 740 = p. What are the prime factors of c?
821
Let s(n) = -n. Let h be s(0). Let b = 180 - h. Suppose -2*k - 7*k = -b. What are the prime factors of k?
2, 5
Let y(j) = j**2 + 41*j - 651. List the prime factors of y(66).
3, 2137
Let o(l) = 4*l + 16. Suppose n + 2*n + 35 = 5*i, n + 9 = i. Let u be o(n). List the prime factors of 6/10*20/u*-35.
3, 5, 7
Let w = -1691 + 3186. Suppose -4*x = -4*v - w + 303, -4*x + 3*v = -1192. What are the prime factors of x?
2, 149
Suppose -293777 - 42691 = -66*p. List the prime factors of p.
2, 2549
Suppose -223 = 7*j - 76. List the prime factors of -6*(-7)/j + 691.
13, 53
Let f(k) = 7*k**2 - 5*k. Suppose 3*o = 2*o + 2*d - 2, -d = 5*o - 23. Suppose -q + 5*b + o = 0, q = 3*q + 3*b - 8. List the prime factors of f(q).
2, 23
Let t = 12 - 14. What are the prime factors of 462 + (1 - (-1 - t))?
2, 3, 7, 11
Suppose -6136 = -8*x + 4*x. Let w = 428 - 428. Suppose x = 13*g - w*g. List the prime factors of g.
2, 59
Let h = -4401 - -7865. What are the prime factors of h?
2, 433
Suppose 23137 = -23*i + 56487. List the prime factors of i.
2, 5, 29
Let n = -46840 - -77590. List the prime factors of n.
2, 3, 5, 41
Let k = 16 + -16. Let l be 2 - (-3 - k - -1). What are the prime factors of 82/l - 2/4?
2, 5
Let y(o) = 2*o + 42. Let m be y(-20). Suppose 0 = -t + 2*r - 7, r - 1 + 40 = -m*t. Let w = t + 114. List the prime factors of w.
97
What are the prime factors of (20524/3)/((-1628)/(-198) + -8)?
2, 3, 7, 733
Let r be (5/2)/(-8 + (-3205)/(-400)). List the prime factors of -2 + 0 + 35 + r.
233
Suppose 0 = -m + 3*m - 10, n - 43 = -5*m. Let q be (-96)/n - (-1)/3. Let o(v) = -v + 7. List the prime factors of o(q).
2, 3
Let q(t) = -8*t + 27. Let s = 175 - 178. What are the prime factors of q(s)?
3, 17
Suppose -3*p + 4*c = 266, -2 = 4*c - 10. Let d = p - -424. List the prime factors of d.
2, 13
Let s(h) = 543*h**2 + 129*h + 15. List the prime factors of s(4).
3, 7, 439
Let q be 15/10 - (-2 + 8529/(-2)). Suppose 12*m = -10*m + q. List the prime factors of m.
2, 97
Let r be (-12)/(-54) + (-2)/(18/(-25)). Suppose r*a = a + 306. What are the prime factors of a?
3, 17
Suppose 2*c - 4 + 49 = o, 3*c + 66 = o. Let u(l) = -42*l - 461. List the prime factors of u(c).
421
List the prime factors of 7/((-4 - -1) + (555940/(-16842))/(-11)).
3, 7, 401
Suppose 33 = -25*g + 158. Suppose 0 = -2*x - g*w + 625, 3*x - 1179 + 224 = -4*w. List the prime factors of x.
5, 13
Let w be (-105)/(-25) - (-2)/(-10). Let s(b) = -10*b**3 - 2 - 9*b**3 + 20*b**3 - b**2 - b. List the prime factors of s(w).
2, 3, 7
Suppose -6*z + 5*z = 4*v - 3691, 3*v = -2*z + 2767. Suppose 145 = x - 3*c - 94, -4*x + v = -c. What are the prime factors of x?
2, 5, 23
Suppose 10635*c = 10653*c - 16974. What are the prime factors of c?
23, 41
Let t(n) be the first derivative of 268*n**3 - 15*n**2/2 + 252. What are the prime factors of t(1)?
3, 263
Let i(n) = 40*n**2 + 1705*n + 87. What are the prime factors of i(-52)?
3, 6529
Suppose 4994*q = 4991*q + 4005. What are the prime factors of q?
3, 5, 89
Suppose -285*d - 34464 = -333*d. List the prime factors of d.
2, 359
Let s = -847 + 1289. Suppose 8*o - 24 + 8 = 0. Suppose s = 2*v - 4*q + 148, 4*v = o*q + 600. What are the prime factors of v?
151
Let w be ((-1 - 3) + 1)*-117. Suppose 2*v - 2*c = 1374, -4*c = v - 351 - w. Suppose -6*g + v = -366. What are the prime factors of g?
2, 11
Suppose 42 = -3*f - 5*s, 3*f + 21 = 2*f - 4*s. List the prime factors of 3 - (45/f + -1354).
2, 3, 227
Let m be 0/(-2*(-4)/(-4)). Suppose m = -p + 7*p - 342. Suppose -4*t + 39 = -p. What are the prime factors of t?
2, 3
Suppose -u + 4*n = -75967, -236*u + 239*u = 4*n + 227901. What are the prime factors of u?
75967
Suppose -2*l - 3*q - q - 108 = 0, 202 = -4*l - q. Let u = l - -52. What are the prime factors of (324/45)/(u/5)?
2, 3
Let v(q) = -q**3 + 18*q**2 + 12*q - 47. Let g be v(18). Let n(j) = 57*j**3 + 2*j + 1. Let z be n(-1). Let u = g + z. What are the prime factors of u?
3, 37
Suppose -36 = 5*h - 4*i, 2*i = -76*h + 74*h. Let c be 206/10 + (-4)/(-10). What are the prime factors of 104/(35/c + h/6)?
2, 13
Suppose 0 = -k - 4*y - 10, 5*k - 6*y + 2*y + 2 = 0. Let s(l) = -3*l - 2. Let n be s(k). Let t(w) = w**3 + 7*w**2 - 9*w + 6. List the prime factors of t(n).
2, 73
Let k(u) = -12*u - 41. Suppose 4*r - 6*r + 4*j + 8 = 0, 7 = 3*r - 5*j. What are the prime factors of k(r)?
31
Let i be (-486)/(-4)*(24 + -20). Let s = -214 + i. List the prime factors of s.
2, 17
Let r(a) = 2*a**2 - 16*a - 12. Let f be r(11). Let h = 14 + -20. Let j = f - h. List the prime factors of j.
2, 3, 5
Let w = 9 - 3. Suppose w*a - 2397 + 291 = 0. What are the prime factors of a?
3, 13
Let q(o) = -44*o**2 - 27*o + 37. Let a(b) = -88*b**2 - 54*b + 77. Let w(d) = -6*a(d) + 11*q(d). What are the prime factors of w(2)?
5, 7
Let q = -80 + 82. Suppose -p = 4*w + 3*p - 24, -q*w - 3*p + 16 = 0. Suppose m = 2*m - w. List the prime factors of m.
2
Let t be (-1 + -3)*2*51/(-8). Let m = t + -53. List the prime factors of 270/14 - m/(-7).
19
Suppose 42 = 9*w - 6*w. Let t(h) = 22 - 7*h - 1 - w*h - 9*h. What are the prime factors of t(-5)?
3, 19
Let l = 327 - 331. List the prime factors of 4308/14 - l/14.
2, 7, 11
Suppose -f + 9 = -2. Suppose -f*a + 10*a + 5*b + 466 = 0, 2*a = -2*b + 872. What are the prime factors of a?
3, 7
Suppose 0 = 4*t + 27 - 16691. What are the prime factors of t?
2, 2083
Let u(b) be the first derivative of -b**2/2 + 13*b - 5. Let n be 4/3 + (-312)/(-117). What are the prime factors of u(n)?
3
Suppose -105*t = -84*t - 53697. What are the prime factors of t?
2557
Let n(w) = 3*w**3 + 2*w**2 + 13. Let r be n(3). Let p = -71 + r. List the prime factors of p.
41
Let m(j) = 2*j**3 + 46*j**2 + 31*j + 1. Suppose 5*p = -4*s - 64, 0 = 4*s - 5*s + 3*p - 33. What are the prime factors of m(s)?
2, 557
Suppose 0 = -5*c - j + 2415, -c + 6*c + 5*j - 2415 = 0. Let k = c + -268. What are the prime factors of k?
5, 43
Let t = 61 + -3. Suppose t = 3*h + 10. Suppose h*i - 17*i = -104. What are the prime factors of i?
2, 13
Let f(b) = b - 1. Let x(o) = -10*o + 53. Let s(n) = -6*f(n) - x(n). Let c be s(16). Suppose 3*u - c*u + 1918 = 0. What are the prime factors 